5. Is z(-4) a prime number?
False
Is -1 + 23 + (-1)/1 a prime number?
False
Suppose f + 187 = 4*w, -2*w + 49 + 49 = 4*f. Suppose w = i - 54. Suppose -4*b - i = -5*l, 2*b = 5*l - 3*b - 100. Is l prime?
False
Let w(s) = s**3 - 10*s**2 - 2*s + 8. Let c(r) = -2*r**3 + 19*r**2 + 3*r - 15. Let k(d) = -3*c(d) - 5*w(d). Is k(8) prime?
False
Let v be (14/8)/((-2)/(-200)). Suppose 0 = -3*j + 4*q - v, 0 = -7*j + 2*j + 2*q - 315. Let r = j - -118. Is r a composite number?
False
Let b(j) = -50*j**3 - j**2 + j + 1. Is b(-1) composite?
True
Suppose -11*x - 477 = -14*x. Is x prime?
False
Let v(h) be the second derivative of -64*h**3/3 - 7*h**2/2 - 4*h. Let x be v(-5). Suppose -i + x = 2*i. Is i composite?
False
Suppose -3 = -3*k + 3. Is 2/(-4 + k)*-445 a composite number?
True
Suppose 3*n + 3*a = -2*a - 16, -3*n + 3*a = 0. Let b be -2*n/(-4) + 7. Suppose -g - 70 = -b*g. Is g prime?
False
Suppose 3*a + 6 = 21. Suppose 0 = -a*k + 97 + 13. Is k a composite number?
True
Suppose -o - 20 = -6*o. Let r(s) = -s**3 + 6*s**2 - 5*s - 2. Is r(o) a prime number?
False
Let y(l) = -l**2 + 14*l + 14. Is y(14) prime?
False
Let i(a) = -2*a + a - 3*a**2 + 1 + 0*a**2. Let v be i(4). Is v/(-6)*6*1 a composite number?
True
Let x = -27 - -38. Suppose -i = g - 5, x = -2*g + 6*i - i. Suppose 267 = 5*w - 0*n + 4*n, -g*n = -4*w + 198. Is w a prime number?
False
Let v = -857 - -1534. Is v prime?
True
Suppose -2*k - 3 = -j, k + 13 = 2*j + 4*k. Suppose 0 = j*s + 5*d - 370, -5*s + 0*d + d + 400 = 0. Is s composite?
False
Let j = 2 - -6. Let l = 5 - j. Is 15 + l - (2 + -1) a prime number?
True
Let x = 2623 + -1716. Is x a prime number?
True
Let m(s) = -18*s. Let o be m(3). Let g = 79 + o. Is g - (-2*1 + 4) a composite number?
False
Suppose k = -2*x + 1, -5*x + 2*k - 3 = -19. Suppose 2*j + x*j = 596. Is j prime?
True
Suppose 0 = -2*z + 3*z + 5. Let p(b) = -b**3 - 5*b**2 + 5. Let u be p(z). Suppose -a = -3*g + 109, -51 = -u*g - 2*a + 116. Is g a prime number?
False
Suppose 1239 = 3*v - 168. Is v prime?
False
Let t = -462 + 725. Is t composite?
False
Is ((-10)/15)/((-2)/237) composite?
False
Is (-402)/(-9)*(-3)/(-2) prime?
True
Let t(q) = q**3 + 6*q**2 - 8*q - 3. Let z be t(-7). Suppose 4*f + 4*m = -600, -z*f + 3*m = 2*m + 600. Is -2 - (0 + -1) - f prime?
True
Let d be 2/3 - 146/(-6). Suppose -2*a = -a + 4. Let z = d + a. Is z a composite number?
True
Let v(n) = -2*n + 111. Let k(p) = p - 55. Let b(j) = -9*k(j) - 4*v(j). Let c be b(0). Let q = -14 + c. Is q a composite number?
False
Suppose 4*w + 5*i = -23, -w - 2*i = -4 + 12. Let h = 9 + w. Is h composite?
False
Suppose u + 15 = 5*b, -21 = -5*b + 3*u - 6. Suppose 124 = -4*r - 2*z, 0 = b*r - 2*z + z + 103. Let v = -23 - r. Is v a prime number?
False
Suppose -6*q = -8*q + 818. Is q a composite number?
False
Let g(s) = -5*s**3 - 8*s**2 - 5*s + 15. Is g(-8) a composite number?
True
Let t be 1 + -1 + (-2 - -3). Is 195*t*2/6 composite?
True
Let v(j) = j**2 - 6*j - 4. Let f be v(5). Let x = 91 + f. Suppose 5*w - 25 = 0, -5*w = z + 2*z - x. Is z composite?
False
Let o be (-1 - 24)*24/(-15). Suppose -3*y + o = -z - 84, -4*z = 3*y - 104. Suppose -3*a + 62 = 2*n - y, -2*a - 204 = -4*n. Is n a prime number?
False
Suppose r - 106 = 3*y, -29 = -3*r - y + 249. Is r prime?
False
Let u(g) = 13*g**2 - 12*g + 18. Is u(7) a composite number?
False
Let a(b) = b. Let c be a(4). Suppose -351 = -3*y + 4*w, -4*y = -5*w + c*w - 481. Is y a prime number?
False
Suppose -112 = 3*g + t, -5*g - 180 = -0*g + 5*t. Let c = g + 73. Is c composite?
True
Suppose -2*z + 7794 = -5*r, -3*z - 2*z = r - 19539. Is z prime?
True
Let n = -11 + 5. Is 150/9*n/(-4) a composite number?
True
Let g = 4 - 2. Let j(x) = 1 + 2*x - g - 2*x + 15*x**2. Is j(2) composite?
False
Let f = -61 - -183. Suppose -5*w + 2*w = -12. Suppose -98 = -w*k + f. Is k prime?
False
Let h = -1094 + 1603. Is h a prime number?
True
Let b(m) = -m**3 - 7*m**2 - m - 3. Let y be b(-7). Suppose 4*a - g - 100 = 2*a, 43 = a - y*g. Is a a composite number?
True
Suppose -2*s = -4*s + 6. Let z(u) = 22*u**2 - 7. Is z(s) a prime number?
True
Let j be (-12)/8*4/3. Let h = j + 55. Is h a composite number?
False
Suppose 10*j - 67 = 9*j. Is j composite?
False
Let s(u) = 2*u**2 - u + 2. Let p be s(3). Suppose 0*i - y = -i + p, 4*y = 2*i - 30. Is i a prime number?
True
Let w be -1*2/4*2. Let t be -1 + w*1230/(-3). Suppose 5*f + 24 = t. Is f prime?
False
Let w(d) = 9*d**2 + 12*d + 14. Is w(-7) a composite number?
True
Let d = 45 + -38. Is d a prime number?
True
Let z be 2*(-2 + 91/2). Suppose t - 6 = z. Is t a prime number?
False
Is (34 - 3)*177/(-6)*-2 prime?
False
Let r(d) = d**3 + 4*d**2 - 10*d + 6. Let i be r(6). Is i/((-8)/(-4)) - -2 a composite number?
True
Suppose -2*s = 2*j - 12, -s = 4*j - 3 - 9. Suppose q - 2 - j = 0. Suppose q*v - 12 = 2*v. Is v composite?
True
Let q be (-2)/(-4) + (-147)/(-6). Let m = 207 - q. Suppose 5*k = 4*f - f + m, -f = 5*k - 186. Is k a composite number?
False
Let o = -13 + 37. Let a be ((-3)/5)/(1/(-5)). Suppose 0 = z + a*z - o. Is z prime?
False
Suppose 2*t - 5*k + 13 = 0, 0*k - 2*k + 16 = t. Suppose -z = -t*z. Let b(x) = x + 33. Is b(z) a prime number?
False
Let h be (4/(-12)*3)/1. Is -3*(148/(-6) + h) composite?
True
Let y be (-1)/2 + 124/(-8). Let w = y - -31. Suppose w = -3*b + 72. Is b composite?
False
Suppose 4*f = -j - 20, 5*f = -j + 3*j - 25. Is 57 - (j + 1 + -3) prime?
True
Suppose 0 = f + f + 2*h - 12, f - 2*h - 3 = 0. Suppose -f*j - 56 - 4 = 0. Is 164/24 - 2/j a prime number?
True
Suppose -2*p - b + 6 + 3 = 0, -2*p - 3*b = -7. Suppose -249 = -2*k + p. Is k composite?
False
Is (-2)/(3/(-6459)*2) a composite number?
False
Let z(t) = t**3 + 6*t**2 - 10*t - 9. Let o be z(-7). Let x be (-205)/(-6) + (-2)/o. Let w = x - 11. Is w a composite number?
False
Suppose -844 = -5*q + q. Is q composite?
False
Let s(r) = r**3 + 23*r**2 - 11*r - 19. Is s(-18) a composite number?
True
Let h(q) = 24*q**2 + q + 18. Is h(11) a composite number?
True
Let d(m) be the first derivative of 167*m**3/3 - m + 2. Let y be d(1). Suppose 2*n - y = -0*n. Is n a composite number?
False
Let v(d) = 119*d**3 + 4*d**2 - 2*d + 3. Is v(2) a prime number?
True
Let f = -8465 + 5119. Let b be (9/2)/((-7)/f). Is b/3*(-1)/(-3) composite?
False
Let b = -5686 + 8945. Is b prime?
True
Let z(y) = -2*y - 4*y + 4 + 28*y + 13*y. Is z(5) composite?
False
Suppose -5*u + 4*x + 151 = 0, 2*x - 4*x + 127 = 5*u. Suppose u = o - 1. Suppose -o = 3*m - 5*m. Is m a composite number?
True
Suppose 3*w - 141 = 4*u, 3*w + 3*u = -0*w + 162. Is w prime?
False
Suppose m + 2 + 0 = 0, -5*a = -3*m - 271. Is a prime?
True
Let b = -247 - -522. Let y(u) = u**3 + 4*u**2 + 3*u + 1. Let o be y(-2). Suppose -o*m = 2*m - b. Is m a composite number?
True
Let s(z) = z**3 + 3*z**2 - 2*z - 2. Let l be 28/(-8) - (-2)/4. Let n be s(l). Is 218/n - (-1)/2 prime?
False
Let u(k) = -2*k**3 - 10*k**2 + 12*k - 11. Is u(-12) a prime number?
True
Suppose -2*f + 1746 = 4*n, n + 3*f - 454 = 6*f. Let w = n + -159. Suppose -2*x = 3*r - w, 0 = 3*x - 1 + 4. Is r a prime number?
False
Let o = 53 - 34. Is o a composite number?
False
Let c = 118 - -47. Suppose -4*z + z + c = 0. Suppose -4*p + 52 = 4*v, -3*p + z = 4*v + 2*p. Is v prime?
False
Let v(h) = -h**3 + 8*h**2 - 5*h - 9. Let c be v(7). Let i(n) = 2*n - 5. Let a be i(c). Suppose a*k - 118 = 3*k. Is k a prime number?
True
Suppose q + 10 = 3*m + 5*q, -10 = m - 2*q. Is (-53)/(8/m - -3) prime?
True
Let k(b) = b + 13. Let w(a) = -a**3 - 6*a**2 - 7*a - 6. Let y be w(-5). Let l = y + -4. Is k(l) a composite number?
False
Suppose -3*p - 5 - 397 = 0. Let l = -69 - p. Is l a composite number?
True
Let c(n) = n. Let d = 7 + -4. Let j be c(d). Suppose -j*k = 2*k - 30. Is k composite?
True
Suppose -2 = 3*i - 20. Is 1140/9 + 2/i a composite number?
False
Let d(b) = b**3 + 119. Let k(z) = z**3 + z**2. Let w be k(-1). Let n(g) = g. Let p be n(w). Is d(p) prime?
False
Is -4 + -165*(4 - 5) prime?
False
Is 6457/22 + (-1)/2 prime?
True
Let d(w) = w**2 - w. Let u be d(1). Is -1 + (-64)/(u - 2) composite?
False
Let s(q) be the first derivative of 67*q**2/2 - 7*q + 1. Let h be s(6). Suppose 0*v - h = -5*v. Is v composite?
False
Suppose -3*n = 4*v - 2*n - 17, 0 = -5*v - n + 22. Suppose m + v*y - 460 = 0, 0*m - 2*y = 2*m - 928. Suppose -m = -4*h + h. Is h co